n base 15?
-321dd
-1213222213 (base 4) to base 2
-1100111101010100111
Convert -b3c54 (base 14) to base 2.
-1101001110001010010
-344243132 (base 5) to base 2
-101111011111001001010
Convert 16b1e2 (base 16) to base 2.
101101011000111100010
What is 140312321 (base 6) in base 16?
2b1959
Convert 433553 (base 7) to base 6.
1342355
What is 2111221102022 (base 3) in base 15?
1b637b
Convert -3163a5 (base 15) to base 2.
-1000111101101100000110
Convert -2121010222 (base 3) to base 11.
-35469
Convert -155357 (base 11) to base 3.
-110021001101
What is -12215045 (base 6) in base 11?
-247a11
Convert -313611 (base 9) to base 14.
-4bcd9
Convert 13646072 (base 10) to base 16.
d038f8
Convert 168003 (base 9) to base 3.
12022000010
What is -1143025 (base 7) in base 13?
-51082
What is -5b9aa4 (base 15) in base 10?
-4386529
What is -2040101 (base 5) in base 16?
-83f0
666758 (base 12) to base 15
222952
What is -2133333122 (base 4) in base 15?
-ce282
37624 (base 12) to base 3
10211011001
What is 1111101000010001011 (base 2) in base 9?
860463
Convert -301052405 (base 6) to base 8.
-23332325
Convert -1111000101011001011111 (base 2) to base 10.
-3954271
What is -14223355 (base 7) in base 12?
-543a37
What is -2137667 (base 10) in base 5?
-1021401132
Convert -10120121021 (base 3) to base 16.
-11317
-18aa712 (base 12) to base 2
-10011110110000101111110
Convert 3241014 (base 5) to base 10.
55759
Convert 202653 (base 16) to base 3.
10222001012200
-1290c (base 14) to base 12
-22528
Convert -2d3b (base 15) to base 4.
-2120003
dc83 (base 15) to base 11
320a3
-25501132 (base 7) to base 2
-1000110110010110100101
What is 23003215 (base 6) in base 14?
14344b
What is 27eae (base 16) in base 6?
3300542
12121121012002 (base 3) to base 7
34235342
Convert 206a0 (base 12) to base 9.
64213
What is 5a1547 (base 15) in base 2?
10000011011101011101100
Convert -1302253 (base 6) to base 2.
-10001001101111001
278014 (base 9) to base 14
45c98
-1a2db8 (base 15) to base 11
-7a1311
Convert 6493201 (base 10) to base 4.
120301100101
-11043343 (base 5) to base 8
-274723
What is 1d22b3 (base 14) in base 15?
1591b4
Convert 221023100 (base 4) to base 7.
1301465
What is -10001001011010101001101 (base 2) in base 4?
-101023111031
Convert 1880a24 (base 11) to base 9.
5873761
What is -b52762 (base 14) in base 16?
-5d4f12
What is 86307c (base 14) in base 12?
1630186
Convert -85e4e (base 16) to base 3.
-1000212022020
Convert 2222201010 (base 3) to base 14.
17628
What is 6285a (base 11) in base 10?
91541
Convert 52aa (base 12) to base 5.
242213
What is 31311232 (base 4) in base 15?
11be1
What is -130201032120 (base 4) in base 5?
-3403213440
Convert 5b8491 (base 13) to base 9.
4105668
What is 4624c (base 13) in base 2?
11111001101010100
What is 423536 (base 7) in base 2?
10001111001110011
What is 27a5ee (base 15) in base 7?
22135223
Convert 9e457 (base 15) to base 7.
4165654
Convert -1615653 (base 7) to base 13.
-7a622
1121012112212 (base 3) to base 14
181cbd
1f9b3 (base 16) to base 12
62b03
Convert 10213002021 (base 5) to base 8.
50554010
What is 28aa623 (base 11) in base 14?
93d357
-2173a29 (base 12) to base 3
-102222202120120
202102222221 (base 3) to base 16
623e6
Convert 11232420 (base 5) to base 2.
11000111101011011
Convert -224871a (base 11) to base 15.
-52b039
2297084 (base 13) to base 10
10668740
Convert -64362 (base 13) to base 9.
-304833
What is -8662f (base 16) in base 2?
-10000110011000101111
What is -55014454 (base 7) in base 11?
-272773a
What is -88c1d4 (base 14) in base 6?
-243304234
Convert 4349b (base 12) to base 9.
144752
32491 (base 15) to base 16
26fad
What is 22203442 (base 5) in base 16?
2f6c7
What is 71149 (base 12) in base 8?
437211
What is -20200212110100 (base 3) in base 2?
-1101100101001001101000
What is 327823 (base 11) in base 12?
212621
What is 30363037 (base 9) in base 10?
14567641
What is -4114310 (base 5) in base 10?
-66830
What is -7375132 (base 9) in base 14?
-74a548
What is -2212002222 (base 3) in base 11?
-39263
What is 10000021011100 (base 3) in base 8?
6064067
Convert -2101113130 (base 4) to base 15.
-bb64a
467187 (base 9) to base 2
1000100100011111001
13643a (base 14) to base 2
10100011101010100100
Convert 1b5280 (base 13) to base 2.
10101010001000111011
Convert 179915 (base 12) to base 8.
1442341
Convert -12445010 (base 6) to base 3.
-202212021020
Convert 528395 (base 11) to base 8.
3163524
100001000001001111101010 (base 2) to base 4
201001033222
29c83 (base 13) to base 14
20b30
What is 20954b (base 14) in base 12?
451467
What is -400220023 (base 5) in base 10?
-1570013
Convert 79a740 (base 11) to base 10.
1273327
What is 5660 (base 12) in base 5?
301301
Convert -22175 (base 8) to base 7.
-36143
Convert -13313122113 (base 4) to base 10.
-2061975
What is 859384 (base 10) in base 5?
210000014
Convert -369133 (base 10) to base 14.
-98749
What is -35cd57 (base 14) in base 12?
-749555
Convert -262a06 (base 11) to base 8.
-1450202
Convert 101001110110101000 (base 2) to base 15.
35bdc
Convert 4501604 (base 7) to base 4.
2013210020
Convert 3010232302 (base 4) to base 8.
3045662
Convert -20202002102101 (base 3) to base 16.
-36b047
-323276 (base 11) to base 12
-20b069
Convert 1110110110011001011 (base 2) to base 4.
1312303023
Convert -231031011112 (base 4) to base 7.
-202503211
-2a7711 (base 11) to base 2
-1110100110111100000
What is -6d1c (base 14) in base 16?
-4a5e
What is 2260901 (base 10) in base 8?
10477645
What is -1112022000112 (base 3) in base 9?
-1468015
What is -46a202 (base 11) in base 9?
-1355688
Convert 23332223203 (base 4) to base 5.
1300442243
Convert 10a4ca (base 13) to base 5.
100102410
What is 5517072 (base 8) in base 7?
15412366
Convert -ca6aa (base 14) to base 6.
-14255222
-210213131301 (base 4) to base 7
-144405636
Convert 4401435 (base 8) to base 9.
2188235
-d69a19 (base 14) to base 3
-111122021121022
What is -2211020100122 (base 3) in base 10?
-1500542
2806f4 (base 16) to base 7
31203605
2634332 (base 7) to base 14
8d989
-1112212110 (base 3) to base 14
-b1a2
What is -ac76a (base 14) in base 11?
-266514
Convert -100101001110000001000000 (base 2) to base 6.
-545042024
Convert -1002200010011 (base 3) to base 14.
-112b94
-1612240 (base 7) to base 8
-661010
-143bb2 (base 12) to base 2
-1010010101011110110
1c5d082 (base 14) to base 3
222202000020002
111001000011100001100 (base 2) to base 9
3458521
22102000211100 (base 3) to base 16
442fa4
10101100101000001001011 (base 2) to base 14
a73667
Convert 56cbc (base 13) to base 15.
31cea
What is -111032301313 (base 4) in base 9?
-11422454
-7670101 (base 9) to base 6
-224151514
What is -114078 (base 11) in base 2?
-101100001101101101
Convert 1203102311 (base 4) to base 5.
101003314
Convert 4110235 (base 8) to base 5.
234214342
What is 11101101011100110111000 (base 2) in base 10?
7780792
Convert 1513230 (base 7) to base 8.
620661
10001210120 (base 3) to base 13
21621
-4331413 (base 8) to base 7
-12600525
Convert 38c7 (base 14) to base 16.
26f7
Convert 100111001111111000011111 (base 2) to base 15.
d83766
What is -39e1e (base 15) in base 11?
-117352
What is 141745 (base 8) in base 14?
143c1
Convert -96529 (base 11) to base 8.
-422147
-1403142440 (base 5) to base 8
-15471557
Convert -1110011111001100100110 (base 2) to base 12.
-1331972
Convert -ba12 (base 12) to base 14.
-7658
Convert 420564 (base 8) to base 9.
232481
342433404 (base 5) to base 4
11311221233
327b887 (base 13) to base 8
72734772
What is -1240140014 (base 5) in base 2?
-1011101001001111011101
What is -7373640 (base 8) in base 4?
-13133132200
What is 240030014 (base 5) in base 7?
12212161
What is -20441314 (base 5) in base 4?
-221313003
Convert 1001111101011110011 (base 2) to base 10.
326387
What is 1dc94 (base 15) in base 8?
276073
What is -2351410 (base 6) in base 8?
-361136
What is -128bab5 (base 14) in base 5?
-4242213230
-22024441 (base 5) to base 8
-561673
Convert -243165 (base 9) to base 5.
-14143134
-1000000000110000111001110 (base 2) to base 9
-34548321
What is -49667c (base 13) in base 14?
-33a1ba
-11221211200101 (base 3) to base 16
-283285
Convert -11102102220220 (base 3) to base 12.
-954620
Convert 10101211210222 (base 3) to base 15.
25a98e
-e7e (base 16) to base 4
-321332
-1321330420 (base 5) to base 6
-154523523
Convert -a9cc (base 15) to base 7.
